5, 7, 11
Suppose 7*d + 0*d = 3*d. Let x = d + 58. What are the prime factors of x?
2, 29
Let d = 1667 - 1419. List the prime factors of d.
2, 31
Let f(r) = 4 - 3 + 1 - r. Let t(x) = -2*x - 6. Let j be t(1). What are the prime factors of f(j)?
2, 5
Let u = -75 + 7. Let x = 137 + u. List the prime factors of x.
3, 23
Suppose -3*y = -3*m - 11847, 2*m - m = 4*y - 15781. List the prime factors of y.
2, 17, 29
Suppose -q - 4*q + 129 = -4*r, 3 = -3*r. Suppose q*s = 21*s + 624. List the prime factors of s.
2, 3, 13
Let u(k) = k**3 - 4*k**2 + 5. Let x be u(4). Let m(t) = 22*t - 4. Let b be m(x). Let o = 159 - b. List the prime factors of o.
53
Let s(y) = -y**3 - 6*y**2 + 2*y + 9. Let g be s(-6). Let r be (-228)/(-30) - g/(-5). Suppose h = 38 - r. What are the prime factors of h?
31
Suppose -5*v + 105 = 3*t, -2*v - 6*t + 23 = -t. What are the prime factors of 7/(21/4)*v?
2
Suppose -h - a = -16, -4*h = -5*a - 66 - 43. List the prime factors of h.
3, 7
Suppose -3*r = -8*r - 295. Let k = 162 + r. What are the prime factors of k?
103
Suppose k + s - 259 = 0, 2*k + 3*k - 5*s - 1295 = 0. Suppose -5 = -12*x + k. List the prime factors of x.
2, 11
Let b = -24 - -84. Suppose -k = -6*k + b. Suppose -s = 2*s - k. List the prime factors of s.
2
Suppose -5*s + 2372 = 4*v, 4*v + 84*s - 2340 = 87*s. What are the prime factors of v?
2, 3, 7
Let w be -3*(4 - 0)/(-4) + -10. What are the prime factors of (w - -6) + (-124)/(-1)?
3, 41
Let t = 199 + 153. What are the prime factors of t?
2, 11
Let g(p) = p**3 - 11*p**2 + 9*p + 12. Let n be g(10). Suppose 5*x - 245 = -n*x. What are the prime factors of x?
5, 7
Suppose 0*g + 3*g - 4*y - 953 = 0, 2*y + 1264 = 4*g. List the prime factors of g.
3, 5, 7
Let y(m) = 2*m**3 - 2*m**2 - 7*m + 1. Let l be y(3). Let d = 120 - l. List the prime factors of d.
2, 13
Let f(b) = b**2 + 9*b - 1. Let s be f(-7). Let p = 39 + s. List the prime factors of p.
2, 3
Let c = 38 + -64. Let w = c - -30. List the prime factors of w.
2
Let v(o) = -3 + o**2 - 3 - o**2 + o**2 - 5*o. Let l be v(6). Suppose 2*h + 2*h - 208 = l. What are the prime factors of h?
2, 13
What are the prime factors of (32/80)/((-1)/(-720))?
2, 3
Let t be 171/9 + 2 + -5. Suppose -2*h = 5*c - 643, 21*h - t*h - 3*c - 1592 = 0. List the prime factors of h.
11, 29
Suppose -514 = -t - 4*q, -3*t - q = t - 2011. List the prime factors of t.
2, 251
Suppose 127*r + 16260 = 137*r. What are the prime factors of r?
2, 3, 271
List the prime factors of ((-18)/2)/((-18)/3906).
3, 7, 31
Let o = -12 - -30. Let j = -14 + o. Suppose 0 = h + j*h - 125. List the prime factors of h.
5
Let d be (2 - 1)*(-18 + 1). Let l(g) = 13 - 2*g + 7 - 3. List the prime factors of l(d).
3, 17
Suppose -16 = 8*o - 12*o. Suppose -5*b + o = -4*b, -m + b = -181. What are the prime factors of m?
5, 37
Let n(o) = -2*o**3 - o**2 - 2*o - 1. Let c be -2 + 2 + 4/2. Suppose d = 5*l + 2, c*l - 3*d - 8 = l. List the prime factors of n(l).
2
Suppose -j + 100 = -3*t - 28, -2*t + 256 = 2*j. Suppose 0 = q - x - 50, j = 4*q - x - 72. List the prime factors of q.
2, 5
Let b(d) = d**2 + 1. Let a be b(-1). Let g = 4 + a. List the prime factors of 520/24 + 2/g.
2, 11
Suppose -5*n + 5*q + 786 + 2544 = 0, q - 1982 = -3*n. List the prime factors of n.
2, 331
Let o(l) = -l + 4. Let w be o(-3). Suppose 39 = -6*d + w*d. List the prime factors of d.
3, 13
Let j(n) = 9*n**2 + 7*n - 20. List the prime factors of j(-8).
2, 5
Suppose 742 = 86*f - 84*f. List the prime factors of f.
7, 53
Let b(t) = 6*t**2 - 5*t - 6. Let y be b(6). Suppose -4*l + y = -0*l. List the prime factors of l.
3, 5
Let a be -2*(3/(-1) + 6). Let c be (3 + a - -5) + 5. Suppose c*n - 130 = 2*n. List the prime factors of n.
2, 13
Let i = -14 + 13. What are the prime factors of (-226)/(-12) + i/(-6)?
19
Let u = 358 + -217. List the prime factors of u.
3, 47
Suppose -u + o = -2*u + 21, 0 = -5*u + o + 111. Let d = u - 18. List the prime factors of d.
2
Suppose 23*q + 10914 = 29*q. List the prime factors of q.
17, 107
Let s(o) = 7*o**2 + 3*o - 49. List the prime factors of s(8).
3, 47
What are the prime factors of (-315096)/(-95) + 16/5 + -2?
2, 3, 7, 79
Let g(w) = w - 6. Let j be g(10). List the prime factors of 1/(-3*j/(-1860)).
5, 31
Let i = 5864 + -1944. List the prime factors of i.
2, 5, 7
Suppose 4*j + 2 = 18, 2*c - 3*j = 3014. What are the prime factors of c?
17, 89
Let j = 83 + 63. List the prime factors of j.
2, 73
Let a(x) = 23*x**2 - 5*x - 18. What are the prime factors of a(-4)?
2, 5, 37
Suppose 0 = -3*o - 78*g + 77*g + 14001, -2*o = g - 9334. List the prime factors of o.
13, 359
Let s = 491 - 252. List the prime factors of s.
239
Suppose 328 = -2*u - 0*u. Let t = 278 + u. List the prime factors of t.
2, 3, 19
Let u be 2/(-4)*(8 + -142). Suppose -32 - u = -s. Suppose 0 = 5*c + 5*k - 4*k - s, 5*k - 55 = -3*c. List the prime factors of c.
2, 5
Suppose -6*x + 20 = -11*x. What are the prime factors of -4*(x - 33/12)?
3
Let x be (-2)/(-8) - 4/16. Let y be -2 - 1/3*x. What are the prime factors of 1*7/((-7)/y)?
2
Let x(h) = 10*h**2 - 8*h - 16. List the prime factors of x(5).
2, 97
Suppose d + 3*r = 151, 0 = -3*d - 3*r - 2*r + 465. Let o = d - 75. List the prime factors of o.
5, 17
Let h(r) = r**2 + 5*r + 3. Let b be h(-5). Suppose c = b*c - 8. Suppose 32 = -c*n + 6*n. What are the prime factors of n?
2
Suppose d = 3 + 1. Suppose -2*c = -v - 4, 2*c = d*v - c + 1. Suppose v*n + 4*t - 34 = 32, -2*n + 41 = -t. What are the prime factors of n?
23
Let h(l) be the first derivative of -5*l - 6*l**2 + 4*l - 4 + 2*l. What are the prime factors of h(-1)?
13
Let v = 900 + -42. List the prime factors of v.
2, 3, 11, 13
Let j(z) = -z**2 - 3*z + 2. Let d be j(-3). Let q(y) = 2 - 7 - d*y + 1 - 2. List the prime factors of q(-14).
2, 11
Suppose 0 = 2*a - 7*a + 5. Suppose a = t + 3, 296 = 2*l - 4*t. List the prime factors of l.
2, 3
Suppose -16 = -4*d, 5974 = 3*k - 4*d + 5*d. List the prime factors of k.
2, 5, 199
Let b(z) be the third derivative of -z**4/8 + 5*z**3/3 - z**2. Let q be (-736)/144 + (-1)/(-9). What are the prime factors of b(q)?
5
Suppose 27*b + 3120 = 14919. List the prime factors of b.
19, 23
Let l = -30 + 29. Let a be -2*l/(2/11). Let z(r) = r**3 - 11*r**2 + 5*r + 5. What are the prime factors of z(a)?
2, 3, 5
Let d(m) = 32*m**2 - 29*m - 149. List the prime factors of d(-5).
2, 199
Suppose 85*w = 80*w - 2*c + 15196, -5*w + 4*c + 15208 = 0. What are the prime factors of w?
2, 5, 19
Let g = -247 - -442. List the prime factors of g.
3, 5, 13
Let w(x) = 2*x**2 + 20*x + 21. Let n be w(-14). Let r = n + -20. What are the prime factors of r?
113
Let y be 20/6*6/4. Suppose -3*h + 362 = -y*r, -16 = -r + 5*r. What are the prime factors of h?
2, 3, 19
Let t be (-18)/(3/1 + (-63)/14). List the prime factors of ((-267)/(-4))/(t/16).
89
Let a(l) = -l**2 + 4*l - 11. Let j be a(5). Let z = j + 12. Let w(o) = -o + 6. List the prime factors of w(z).
2, 5
Let i(b) = b**2 - 2*b - 8. Let m be i(4). Suppose -4*y + u + 93 = m, -22 = -y - u + 5. List the prime factors of y.
2, 3
Suppose -5*r + 3*r = -128. Suppose 2*h + 3*y = 94, 124 = 4*h + 3*y - r. What are the prime factors of h?
47
Let w(t) = 2*t**3 - 29*t**2 + 13*t + 24. Let n be w(14). Suppose -n*v = -1430 - 270. What are the prime factors of v?
2, 5, 17
Suppose 3*g - 6839 = -4*n, -g - 5937 + 811 = -3*n. List the prime factors of n.
1709
Suppose 10*g - 13*g = 3*d - 1449, -3*g - d = -1441. What are the prime factors of g?
479
Let n = -50 + 149. Let y = -20 + n. List the prime factors of y.
79
Let o = -189 + 2732. List the prime factors of o.
2543
List the prime factors of 9/((-198)/(-2270)) + 4/(-22).
103
Let q be 45/15 + 10*1. Suppose -15*a + 4 = -q*a. List the prime factors of ((-10)/(-6) - a)*-93.
31
Let d = 179 + -112. Let o be 2/9 + (-5583)/(-27). Suppose -5*s + o = d. What are the prime factors of s?
2, 7
Let h be ((-4)/12)/(2 + (-25)/12). Suppose -6 - 3 = -3*s. Suppose 0 = s*p + 15, h*o - 76 + 29 = -5*p. List the prime factors of o.
2, 3
Let r = 46 + -64. Let h be r/6 + 6 + -3. Suppose h = -y + 14 + 19. List the prime factors of y.
3, 11
Let d(f) = -f**2 + 1. Let v be d(0). Suppose -5*h = -2*r - 31, 3*h + 4*r - 2 = v. List the prime factors of h.
5
Let w(x) = -8*x - 6. Let r be w(-1). Suppose 2*d - 327 = -5*b - d, r*b + 5*d - 127 = 0. Lis